git of ((-4)/(-6))/(2/j)?
1
Let k be 2/10 - (-9)/5. Suppose -4 = -3*m + k*m. Suppose -5*d + g = m*g - 36, -57 = -5*d + 4*g. What is the units digit of d?
9
Suppose 8*c - 3*c = 10. Suppose 0*l + l - 5 = -s, c*l = 4*s - 20. What is the units digit of s?
5
What is the units digit of (-308)/14*7/(-2)?
7
Let t(y) be the third derivative of y**6/120 + 11*y**5/60 - y**4/24 + y**3/2 + 4*y**2. What is the tens digit of t(-11)?
1
Suppose 7*a - 2*a - 25 = 0. Suppose -24 = -4*t - 8. Suppose t*k - 61 = -a*h, -h + 1 = -0*h - 2*k. What is the units digit of h?
9
Let x(o) = 3*o**2 - o - 12. Let q(s) = -7*s**2 + 3*s + 25. Let l(u) = -2*q(u) - 5*x(u). What is the tens digit of l(0)?
1
Let b(n) = -30*n**2 + 2*n - 7. Let v(w) = -15*w**2 + w - 3. Let m(g) = -4*b(g) + 9*v(g). Let d be m(-1). What is the units digit of 6/d - 64/(-10)?
6
Suppose -5*g - 5*u - 32 = 13, -4*u = 12. Let t = -1 + 2. What is the units digit of g/(1 - (t + 1))?
6
Let h(i) be the first derivative of 5*i**4/2 - i**3/3 + i**2 - i - 13. Suppose 2*k - 4 = 0, 5*n + 3*k - 11 = -0*k. What is the tens digit of h(n)?
1
Suppose 0 = 5*u - 129 - 76. What is the tens digit of u?
4
Let p be -1*(-3 + 2)/(-1). Let m(l) = -18*l + 1. Let j be m(p). What is the units digit of j/7 - 6/(-21)?
3
Let b = -408 + 616. What is the units digit of b?
8
Let a(y) = -12*y + 4. Let w be a(4). Let s be w/20 + (-2)/(-10). Let r = 7 + s. What is the units digit of r?
5
Let u = -37 - -55. What is the units digit of u?
8
Suppose 13 = -4*s + 5*s. What is the tens digit of s?
1
Let s(x) = 20*x**2 - 2*x + 1. What is the tens digit of s(1)?
1
Suppose 153 = 2*i + i. What is the units digit of i?
1
What is the units digit of (-8 + -3)*2/(-2)?
1
Let h(c) = c**3 + 4*c**2 - c - 3. Let t be h(-4). What is the units digit of 2/(1 + t - 1)?
2
Let o(f) = f**2 + 2*f. Let p be o(0). Suppose p*u + 24 = 2*u. What is the units digit of u?
2
Let i = 7 + -5. Suppose -4*k + 26 = i*y - k, -y = k - 14. What is the units digit of y?
6
Let q(l) = 19*l**2 - 7*l**2 + 5*l**2 - 1 + 2. What is the units digit of q(-1)?
8
Let h be (-2 - -2) + 0 + 9. Let d = h - 5. What is the units digit of d?
4
Let z(w) be the third derivative of -w**6/120 - 7*w**5/60 - 7*w**4/24 + 4*w**3/3 + 9*w**2. Let m be ((-2)/(-3))/((-1)/9). What is the tens digit of z(m)?
1
Let w(t) = -3*t**2 - 10*t - 4. Let u be 33/6 + (-2)/4. Let p(m) = -7*m**2 - 21*m - 9. Let x(q) = u*w(q) - 2*p(q). What is the units digit of x(-7)?
5
Let a be (-15)/(-25) + 293/(-5). What is the units digit of 2/6 + a/(-6)?
0
Let f(j) = -j**3 - 7*j**2 + 4*j - 7. Let g be f(-8). Let z = g - 7. What is the units digit of 4/z - (-50)/18?
3
Let l = 4 + -3. Let o be (0 + -1*2)/l. What is the units digit of (3 + -4)/(o/6)?
3
Suppose o - 5*q + 4 = 0, 1 = 2*o + o - 2*q. Let m(s) = s**2 - 3*s + 1. Let z be m(2). What is the units digit of 4/(z/2 + o)?
8
Suppose -2*s = -h + 19 - 1, -2*s = -2. Suppose -2*u = -h - 4. What is the tens digit of u?
1
Let a(f) = -f**2 + 2*f - 2. Suppose 0 = 2*d + d - 4*h - 2, 0 = -d - 3*h + 5. Let s be a(d). Let w(p) = -6*p + 1. What is the units digit of w(s)?
3
Suppose 3*n - 6 = 9. Suppose -n*m = -m - 4. What is the units digit of 8 - (m + 4/(-2))?
9
Let h = -2 - -5. What is the units digit of 1 - h - (3 + -7)?
2
Let t = -29 - -42. What is the tens digit of t?
1
Let x(a) = 3*a**2 + 4*a - 4. What is the tens digit of x(-4)?
2
Suppose -f + 10 = f. Suppose -f*v - 44 = -4*w, -3*w + 3*v - 5 + 41 = 0. Suppose -4*a = -0*a - w. What is the units digit of a?
4
Let w(f) = -9*f**2 - 1. Let z be w(-1). Let l be z/(-15)*(1 - -5). Suppose -p = l*t - 30, -81 = -5*p + 4*t - t. What is the tens digit of p?
1
Let p = -1 - -1. Let v be 12/9*6 - p. Suppose n - 2*u - v - 3 = 0, 4*u = n - 19. What is the units digit of n?
3
What is the units digit of -5 + 1 - -92 - (4 - 3)?
7
Let h be (-1)/5 - (-204)/(-30). Let i = -5 - h. Suppose 5*q = i*q + 33. What is the tens digit of q?
1
What is the tens digit of 12/(-18) + 286/6?
4
Let n(z) = z**2 + 7*z - 9. What is the tens digit of n(4)?
3
Let x(r) = 25*r + 26. Let h(k) = -5*k - 5. Let f(p) = 11*h(p) + 2*x(p). What is the units digit of f(-4)?
7
Suppose -v - 3 = -7. Suppose -26 = -3*a - y, -a = 4*a + v*y - 34. What is the tens digit of a?
1
What is the units digit of 1/((5/((-465)/(-2)))/2)?
3
Let l(f) = -20*f + 21. What is the hundreds digit of l(-7)?
1
Suppose 38*j - 1521 = 29*j. What is the tens digit of j?
6
Let t(k) be the second derivative of -k**5/20 + 5*k**4/12 + 4*k**3/3 - 5*k**2/2 + 3*k. What is the units digit of t(6)?
7
Let y(g) = g**3 - 7*g**2 - 14*g + 4. What is the tens digit of y(9)?
4
Suppose z + 2*z - 162 = a, 0 = -4*z + 5*a + 205. Suppose -5*t - 3*v = -4*t - 22, -4*v = 5*t - z. What is the units digit of (-88)/(-14) - 2/t?
6
Suppose -4*l + 7*l - 78 = 0. What is the units digit of l?
6
Suppose -v + 2*v + 4*w - 25 = 0, -5*v - 5*w = -155. Suppose -3*z = -2*j + 26 + 19, -j - 2*z + v = 0. What is the tens digit of j?
2
Suppose b + 2*v - 24 = 0, 4*v + 7 = 27. Suppose -w - 1 + 0 = 0, 5*f + b = w. What is the tens digit of (-59)/f - 4/(-12)?
2
Suppose -u - 3*u = -8. Suppose 42 = u*r + r. What is the tens digit of r?
1
Suppose 0 = -3*x - k + 11, x + 17 = -5*k + 2. Let n = 1 + x. What is the units digit of n?
6
Let w(c) = 13*c**2 + 7*c + 2. What is the tens digit of w(-2)?
4
Let f(t) = 37*t**2 - t - 1. Let s be f(2). Suppose 7*k - 2*k = s. What is the units digit of k?
9
Let n(b) = -6*b + 1 + 1 - 1 - 2. What is the units digit of n(-1)?
5
Suppose 120 = -0*v + 5*v. Suppose 0 = -2*q + 18 + v. What is the tens digit of q?
2
Let h(p) = -p**3 + 11*p**2 + 8*p + 26. What is the tens digit of h(11)?
1
Let m be 0*(-1 + 2 + -2). Suppose 3 = v - m*v. Suppose -4*w + 4 = v*b, w + b + 20 = 5*w. What is the units digit of w?
4
Suppose -6 = 3*j - 0*j. What is the units digit of -1 - -2 - (-13 - j)?
2
Let n(w) = w**2 + 7*w - 1. Suppose -3*p = p. Suppose 3*y - 2*y + 8 = p. What is the units digit of n(y)?
7
Let r = 2 + 1. What is the units digit of 306/10 + r/(-5)?
0
Let q = -2 - -8. Suppose -4*c + 60 = -q*m + 2*m, 5*m = 2*c - 33. Suppose 3*p + 2*p = -4*r + c, 5*p = 4*r - 34. What is the units digit of r?
6
Let q = 93 - 79. What is the units digit of q?
4
Let i(k) = -k + 8. Let y be i(4). Let f(l) = -3*l - 1. Let x be f(-6). Suppose 3*p - x = y. What is the units digit of p?
7
Suppose 2*x = 3*x. Suppose 5*u - 53 - 22 = x. What is the tens digit of u?
1
Suppose 4*m = 12*m - 1080. What is the tens digit of m?
3
Suppose -2*p = -2*y, -1 = -y + 2*p - 2. Let x(a) = -7*a - y - a**2 + 7 - 4. What is the tens digit of x(-5)?
1
Suppose 40 = m + m. What is the units digit of m?
0
Let d = -3 + 7. What is the units digit of d?
4
Suppose 0 = 2*m + 2*m - 3*h - 11, -2*m + 3*h = -1. Suppose 4*w + 0 = 4. Suppose -2*d + m = -w. What is the units digit of d?
3
Suppose 3*n - 61 = -o, 36 = o - 4*n - 18. What is the tens digit of o?
5
Let b be 7/2*180/(-6). Let h = -61 - b. What is the tens digit of h?
4
What is the units digit of 4/18 + (-1070)/(-45)?
4
Suppose -18 = -2*a + 50. What is the units digit of a?
4
Let g(s) = -10*s - 13. What is the tens digit of g(-7)?
5
Suppose 13*b - 14*b = -6. Suppose -2*v - v - 6 = 0. Let k = b + v. What is the units digit of k?
4
Let z = -2 - -4. Suppose 4*n - 7 - 5 = 0, z*s - 3*n = 7. What is the units digit of s?
8
Let y be (-4)/18 - (-80)/36. Suppose y*p - 4*l = 3 + 35, 2*p = -l + 63. What is the units digit of p?
9
Suppose -v = -2*o + 15 + 60, -2*o + 2*v + 76 = 0. What is the units digit of o?
7
Let k(n) = n**3 - 4*n**2 - 6*n + 5. Let c be k(5). Suppose c = 4*q - 3 - 9. What is the units digit of q?
3
What is the units digit of 11 - 8 - 1/1?
2
Let b(x) = x**2 + 7*x + 4. Let h be b(11). Suppose -4*f - 6 + h = 0. What is the tens digit of f?
4
Suppose -4*y = 2*k - 4, 2*y - 5 = -2*k + 1. What is the tens digit of 15 + (k - 3) - 2?
1
Let l = -7 - -9. Suppose -4*d - 3*x = -149, l*d + 0*x + x = 73. What is the tens digit of d?
3
Let q(b) be the third derivative of b**4/12 + b**3/6 + b**2. Suppose -7*d + 8 = -3*d. What is the units digit of q(d)?
5
Let y(d) = d**3 + 9*d**2 + 8*d + 8. Let v be y(-6). Let x be 2/3 - v/12. What is the units digit of (x/2)/((-2)/4)?
5
Suppose 0*f = 4*f. Let b(k) = -k**3 + k**2 + k + 10. Let x be b(f). Let q = x + -1. What is the units digit